{"id":353,"date":"2018-11-20T08:41:56","date_gmt":"2018-11-20T08:41:56","guid":{"rendered":"http:\/\/magiccs.ro\/?post_type=product&#038;p=353"},"modified":"2020-04-07T10:49:11","modified_gmt":"2020-04-07T10:49:11","slug":"copiator-xerox-wc-7845-a3-color","status":"publish","type":"product","link":"https:\/\/magiccs.ro\/?product=copiator-xerox-wc-7845-a3-color","title":{"rendered":"HP Laserjet Pro M12a"},"content":{"rendered":"<p>Specifica\u0163ii\u00a0Vitez\u0103 de imprimare alb-negru:Normal: P\u00e2n\u0103 la 18 ppmPrima pagin\u0103 evacuat\u0103 (preg\u0103tit)Alb-negru: Cel mult 9,2 sCalitate imprimare alb-negru (mod optim)<\/p>\n<ul>\n<li>P\u00e2n\u0103 la 600 x 600 x 2 dpi<\/li>\n<\/ul>\n<p>Tehnologie rezolu\u0163ieHP FastRes 600, HP FastRes 1200Ciclu de func\u0163ionare (lunar, A4)P\u00e2n\u0103 la 5.000 de pagini\u00a0 1<\/p>\n<p>(Ciclul de func\u0163ionare este definit ca num\u0103rul maxim de pagini pe lun\u0103 imprimate ca imagini. Aceast\u0103 valoare ofer\u0103 o compara\u0163ie a capacit\u0103\u0163ii de produc\u0163ie \u00een rela\u0163ie cu alte dispozitive HP LaserJet sau HP Color LaserJet \u015fi permite repartizarea corespunz\u0103toare a imprimantelor \u015fi echipamentelor MFP pentru a satisface cerin\u0163ele persoanelor sau grupurilor conectate. )Volum de pagini lunar recomandat100\u20131.000\u00a0 2<\/p>\n<p>(HP recomand\u0103 ca num\u0103rul de pagini imprimate pe lun\u0103 s\u0103 se \u00eencadreze \u00een domeniul specificat pentru performan\u0163a optim\u0103 a dispozitivului, pe baza unor factori ce includ intervalele de \u00eenlocuire a consumabilelor \u015fi durata de via\u0163\u0103 a dispozitivului \u00eentr-o perioad\u0103 de garan\u0163ie extins\u0103. )Tehnologie de imprimare<\/p>\n<ul>\n<li>Laser<\/li>\n<\/ul>\n<p>Vitez\u0103 procesor266 MHzLimbaje de imprimareImprimare &#8216;host-based&#8217;Cartu\u015fe de schimb<\/p>\n<ul>\n<li>Cartu\u015f de toner LaserJet original HP 79A Negru CF279A<\/li>\n<\/ul>\n<p>(Valoare a capacit\u0103\u0163ii declarat\u0103 \u00een conformitate cu ISO\/IEC 19752, la imprimare continu\u0103. Capacit\u0103\u0163ile reale variaz\u0103 substan\u0163ial \u00een func\u0163ie de imaginile imprimate \u015fi de al\u0163i factori. Pentru detalii, vizita\u0163i\u00a0 \/\/www. hp. com\/go\/learnaboutsupplies )<\/p>\n<p>(Capacitate de imprimare declarat\u0103 \u00een conformitate cu ISO\/IEC 19752 \u015fi la imprimare continu\u0103. Capacitatea de imprimare real\u0103 variaz\u0103 substan\u0163ial \u00een func\u0163ie de imaginile imprimate \u015fi de al\u0163i factori. Pentru detalii, accesa\u0163i\u00a0 \/\/www. hp. com\/go\/learnaboutsupplies . )Conectivitate\u00a0Capabilitate HP ePrintNuCapabilitate de imprimare mobil\u0103Capabilitatea de imprimare mobil\u0103 nu este acceptat\u0103Capabilitate wireless<\/p>\n<ul>\n<li>Nu<\/li>\n<\/ul>\n<p>Conectivitat e, standard<\/p>\n<ul>\n<li>1 USB 2.0 de mare vitez\u0103<\/li>\n<\/ul>\n<p>Cerin\u0163e minime de sistem<\/p>\n<ul>\n<li>Windows\u00ae 10, 8.1, 8, 7 (32 bi\u0163i\/64 bi\u0163i): RAM de 2 GB pentru 64 bi\u0163i, RAM de 1 GB pentru 32 bi\u0163i, 400 MB de spa\u0163iu disponibil pe hard disk<\/li>\n<li>Windows Vista\u00ae (32 bi\u0163i\/64 bi\u0163i): RAM de 1 GB pentru 32 bi\u0163i<\/li>\n<li>Windows\u00ae Server 2008 (32 bi\u0163i\/64 bi\u0163i)<\/li>\n<li>Windows\u00ae 2003 Server: RAM de 512 MB, 400 MB spa\u0163iu liber pe HD<\/li>\n<li>toate sistemele: unitate CD-ROM\/DVD sau conexiune de Internet, port USB<\/li>\n<\/ul>\n<p>&nbsp;<\/p>\n<ul>\n<li>Mac OS X v10.11, v10.10, v10.9, 1 GB de spa\u0163iu disponibil pe hard disk, unitate CD-ROM, port USB, Internet<\/li>\n<\/ul>\n<p>Sisteme de operare compatibileWindows\u00ae 10, 8.1, 8, 7: 32 bi\u0163i\/64 bi\u0163i<\/p>\n<p>Windows Vista\u00ae: 32 bi\u0163i\/64 bi\u0163i<\/p>\n<p>Windows\u00ae Server 2008: 32 bi\u0163i\/64 bi\u0163i<\/p>\n<p>Windows\u00ae Server 2003: 32 bi\u0163i\/64 bi\u0163i<\/p>\n<p>Mac OS X v 10.11, v 10.10, v 10.9Specifica\u0163ii despre memorie\u00a0Memorie, standard8 MBMemorie maxim\u01038 MBManevrarea h\u00e2rtiei\u00a0Manevrarea h\u00e2rtiei la intrare, standard<\/p>\n<ul>\n<li>tav\u0103 intrare de 150 coli<\/li>\n<\/ul>\n<p>Manevrarea h\u00e2rtiei la ie\u015fire, standard<\/p>\n<ul>\n<li>Sertar de ie\u015fire de 100 coli<\/li>\n<\/ul>\n<p>Capacitate maxim\u0103 de ie\u015fire (coli)P\u00e2n\u0103 la 100 de coliImprimare duplex<\/p>\n<ul>\n<li>Manual<\/li>\n<\/ul>\n<p>Dimensiuni de suporturi acceptate<\/p>\n<ul>\n<li>A4<\/li>\n<li>A5<\/li>\n<li>A 6<\/li>\n<li>B5<\/li>\n<li>c\u0103r\u0163i po\u015ftale<\/li>\n<li>plicuri (C5, DL, B5)<\/li>\n<\/ul>\n<p>Dimensiuni suporturi, personalizateTav\u0103 de intrare pentru 150 coli: de la 147 x 211 la 216 x 356 mmTipuri suportH\u00e2rtie (laser, obi\u015fnuit\u0103, foto, brut\u0103, pergament), plicuri, etichete, cartoane, folii transparente, c\u0103r\u0163i po\u015ftaleCerin\u0163e de alimentare \u015fi de operare\u00a0Alimentare curentTensiune de intrare: 220 &#8211; 240 V c. a. (+\/- 10%), 50 Hz (+\/- 2 Hz), 6 AConsum de energie375 wa\u0163i (imprimare activ\u0103), 1,2 wa\u0163i (preg\u0103tit), 0,8 wa\u0163i (repaus), 0,8 wa\u0163i (oprire automat\u0103\/activare prin USB, activat\u0103 la livrare), 0,45 wa\u0163i (oprire automat\u0103\/pornire manual\u0103), 0,45 wa\u0163i (oprire manual\u0103)\u00a0 5<\/p>\n<p>(Cerin\u0163ele de alimentare depind de \u0163ara\/regiunea \u00een care se vinde imprimanta. Nu modifica\u0163i tensiunile de func\u0163ionare. Astfel de modific\u0103ri vor duce la deteriorarea imprimantei \u015fi la anularea garan\u0163iei produsului. Consum de energie bazat \u00een mod tipic pe m\u0103surarea dispozitivului de 115 V. )Temperatur\u0103 de func\u0163ionarede la 15 la 32,5\u00baCUmiditate de func\u0163ionare30 &#8211; 70% RHEmisii de presiune acustic\u0103 martor (activ, imprimare)50 dB (A)Dimensiuni \u015fi greutate\u00a0Dimensiuni minime (L x l x h)349 x 238 x 196 mm\u00a0 3<\/p>\n<p>(F\u0103r\u0103 t\u0103vi de intrare sau ie\u015fire extinse. )Dimensiuni maxime (L x l x h)349 x 410 x 228 mm\u00a0 3 \u00a0Greutate5,2 kg<\/p>\n<p>(Cu cartu\u015fe de imprimare. )Dimensiuni pachet (L x I x \u00ee)400 x 250 x 298 mmGreutate pachet6,35 kg <span class=\"gray_text\"><br \/>\nDenumiri similare la Imprimanta HP <b>Laserjet Pro M12a (T0L45A)<\/b>: Laserjet Pro M 12 a T 0 L 45 A, LaserjetProM12aT0L45A, Laserjet Pro M12a (T0L45 A) <\/span><\/p>\n","protected":false},"excerpt":{"rendered":"<h1 class=\"hidden-xs\">HP Laserjet Pro M12a<\/h1>\n","protected":false},"featured_media":449,"comment_status":"open","ping_status":"closed","template":"","meta":{"jetpack_post_was_ever_published":false,"jetpack_publicize_message":"","jetpack_publicize_feature_enabled":true,"jetpack_social_post_already_shared":true,"jetpack_social_options":{"image_generator_settings":{"template":"highway","default_image_id":0,"font":"","enabled":false},"version":2}},"class_list":{"0":"post-353","1":"product","2":"type-product","3":"status-publish","4":"has-post-thumbnail","6":"product_cat-copiatoare","8":"first","9":"outofstock","10":"taxable","11":"shipping-taxable","12":"purchasable","13":"product-type-simple"},"jetpack_publicize_connections":[],"jetpack_sharing_enabled":true,"_links":{"self":[{"href":"https:\/\/magiccs.ro\/index.php?rest_route=\/wp\/v2\/product\/353","targetHints":{"allow":["GET"]}}],"collection":[{"href":"https:\/\/magiccs.ro\/index.php?rest_route=\/wp\/v2\/product"}],"about":[{"href":"https:\/\/magiccs.ro\/index.php?rest_route=\/wp\/v2\/types\/product"}],"replies":[{"embeddable":true,"href":"https:\/\/magiccs.ro\/index.php?rest_route=%2Fwp%2Fv2%2Fcomments&post=353"}],"wp:featuredmedia":[{"embeddable":true,"href":"https:\/\/magiccs.ro\/index.php?rest_route=\/wp\/v2\/media\/449"}],"wp:attachment":[{"href":"https:\/\/magiccs.ro\/index.php?rest_route=%2Fwp%2Fv2%2Fmedia&parent=353"}],"curies":[{"name":"wp","href":"https:\/\/api.w.org\/{rel}","templated":true}]}}